r when 228 is divided by 17?
7
What is the remainder when 650 is divided by 14?
6
Calculate the remainder when 6307 is divided by 19.
18
What is the remainder when 23599 is divided by 50?
49
Calculate the remainder when 1332 is divided by 31.
30
What is the remainder when 2756 is divided by 914?
14
Calculate the remainder when 114 is divided by 16.
2
Calculate the remainder when 500 is divided by 261.
239
Calculate the remainder when 69 is divided by 4.
1
Calculate the remainder when 1572 is divided by 35.
32
What is the remainder when 85 is divided by 69?
16
What is the remainder when 1865 is divided by 13?
6
What is the remainder when 396 is divided by 64?
12
What is the remainder when 649 is divided by 185?
94
What is the remainder when 243 is divided by 96?
51
What is the remainder when 151 is divided by 19?
18
Calculate the remainder when 411 is divided by 69.
66
What is the remainder when 34 is divided by 14?
6
What is the remainder when 95 is divided by 15?
5
Calculate the remainder when 1431 is divided by 180.
171
Calculate the remainder when 41198 is divided by 443.
442
What is the remainder when 7 is divided by 6?
1
Calculate the remainder when 368 is divided by 10.
8
Calculate the remainder when 478 is divided by 10.
8
Calculate the remainder when 753 is divided by 57.
12
What is the remainder when 40 is divided by 22?
18
Calculate the remainder when 278 is divided by 26.
18
What is the remainder when 21503 is divided by 11?
9
Calculate the remainder when 1861 is divided by 170.
161
Calculate the remainder when 529 is divided by 78.
61
Calculate the remainder when 1047 is divided by 32.
23
Calculate the remainder when 377 is divided by 19.
16
Calculate the remainder when 402 is divided by 69.
57
What is the remainder when 11725 is divided by 26?
25
Calculate the remainder when 1387 is divided by 35.
22
What is the remainder when 810 is divided by 11?
7
Calculate the remainder when 1643 is divided by 206.
201
Calculate the remainder when 1006 is divided by 127.
117
Calculate the remainder when 130 is divided by 34.
28
Calculate the remainder when 2574 is divided by 856.
6
What is the remainder when 3000 is divided by 130?
10
Calculate the remainder when 205 is divided by 103.
102
Calculate the remainder when 2697 is divided by 30.
27
Calculate the remainder when 221 is divided by 4.
1
Calculate the remainder when 311 is divided by 45.
41
Calculate the remainder when 1551 is divided by 103.
6
What is the remainder when 1107 is divided by 142?
113
Calculate the remainder when 2147 is divided by 71.
17
What is the remainder when 15428 is divided by 3085?
3
Calculate the remainder when 41662 is divided by 217.
215
Calculate the remainder when 638 is divided by 40.
38
What is the remainder when 647 is divided by 31?
27
Calculate the remainder when 167 is divided by 21.
20
Calculate the remainder when 17 is divided by 10.
7
Calculate the remainder when 3548 is divided by 7.
6
What is the remainder when 33 is divided by 21?
12
Calculate the remainder when 47 is divided by 18.
11
What is the remainder when 416 is divided by 38?
36
Calculate the remainder when 1676 is divided by 35.
31
Calculate the remainder when 2037 is divided by 15.
12
What is the remainder when 1766 is divided by 89?
75
What is the remainder when 400 is divided by 32?
16
Calculate the remainder when 2740 is divided by 909.
13
What is the remainder when 186 is divided by 47?
45
Calculate the remainder when 422 is divided by 32.
6
Calculate the remainder when 129 is divided by 90.
39
What is the remainder when 104 is divided by 6?
2
Calculate the remainder when 424 is divided by 225.
199
Calculate the remainder when 825 is divided by 23.
20
What is the remainder when 398 is divided by 67?
63
Calculate the remainder when 181 is divided by 7.
6
Calculate the remainder when 423 is divided by 25.
23
What is the remainder when 59 is divided by 39?
20
What is the remainder when 7573 is divided by 445?
8
What is the remainder when 1043 is divided by 55?
53
Calculate the remainder when 86 is divided by 45.
41
Calculate the remainder when 14 is divided by 3.
2
Calculate the remainder when 144 is divided by 112.
32
What is the remainder when 71 is divided by 8?
7
What is the remainder when 978 is divided by 20?
18
Calculate the remainder when 1913 is divided by 213.
209
What is the remainder when 1388 is divided by 20?
8
What is the remainder when 118 is divided by 60?
58
What is the remainder when 458 is divided by 27?
26
What is the remainder when 2261 is divided by 99?
83
What is the remainder when 976 is divided by 249?
229
What is the remainder when 2119 is divided by 66?
7
Calculate the remainder when 490 is divided by 226.
38
What is the remainder when 211 is divided by 193?
18
Calculate the remainder when 56 is divided by 5.
1
Calculate the remainder when 976 is divided by 239.
20
Calculate the remainder when 118 is divided by 61.
57
Calculate the remainder when 215 is divided by 27.
26
Calculate the remainder when 184 is divided by 52.
28
Calculate the remainder when 243 is divided by 49.
47
What is the remainder when 609 is divided by 141?
45
Calculate the remainder when 170 is divided by 86.
84
Calculate the remainder when 102 is divided by 52.
50
What is the remainder when 62 is divided by 18?
8
Calculate the remainder when 3939 is divided by 116.
111
Calculate the remainder when 3346 is divided by 98.
14
What is the remainder when 817 is divided by 82?
79
Calculate the remainder when 8685 is divided by 79.
74
What is the remainder when 370 is divided by 58?
22
What is the remainder when 410 is divided by 107?
89
What is the remainder when 9 is divided by 6?
3
What is the remainder when 178 is divided by 46?
40
What is the remainder when 787 is divided by 33?
28
What is the remainder when 4850 is divided by 99?
98
What is the remainder when 132 is divided by 21?
6
Calculate the remainder when 1412 is divided by 287.
264
What is the remainder when 100 is divided by 17?
15
What is the remainder when 194 is divided by 14?
12
What is the remainder when 950 is divided by 159?
155
What is the remainder when 246 is divided by 21?
15
Calculate the remainder when 7195 is divided by 2398.
1
What is the remainder when 904 is divided by 185?
164
What is the remainder when 350 is divided by 89?
83
Calculate the remainder when 1229 is divided by 15.
14
What is the remainder when 207 is divided by 15?
12
What is the remainder when 395 is divided by 132?
131
What is the remainder when 548 is divided by 99?
53
What is the remainder when 1435 is divided by 43?
16
Calculate the remainder when 1137 is divided by 37.
27
What is the remainder when 1076 is divided by 536?
4
What is the remainder when 383 is divided by 133?
117
What is the remainder when 597 is divided by 100?
97
What is the remainder when 79 is divided by 10?
9
Calculate the remainder when 109 is divided by 31.
16
Calculate the remainder when 623 is divided by 18.
11
What is the remainder when 1058 is divided by 104?
18
Calculate the remainder when 596 is divided by 547.
49
What is the remainder when 591 is divided by 119?
115
What is the remainder when 116 is divided by 78?
38
Calculate the remainder when 5106 is divided by 19.
14
Calculate the remainder when 252 is divided by 22.
10
Calculate the remainder when 355 is divided by 7.
5
What is the remainder when 1474 is divided by 25?
24
What is the remainder when 28840 is divided by 6?
4
What is the remainder when 65 is divided by 18?
11
Calculate the remainder when 165 is divided by 8.
5
Calculate the remainder when 982 is divided by 355.
272
What is the remainder when 356 is divided by 144?
68
What is the remainder when 321 is divided by 17?
15
Calculate the remainder when 122 is divided by 7.
3
What is the remainder when 3860 is divided by 138?
134
Calculate the remainder when 2807 is divided by 156.
155
What is the remainder when 1455 is divided by 26?
25
What is the remainder when 2278 is divided by 63?
10
Calculate the remainder when 54 is divided by 11.
10
What is the remainder when 11157 is divided by 14?
13
Calculate the remainder when 1203 is divided by 113.
73
Calculate the remainder when 722 is divided by 102.
8
What is the remainder when 1654 is divided by 2